125?
25
What is the greatest common factor of 1679 and 46?
23
What is the greatest common factor of 8 and 8304?
8
Calculate the highest common divisor of 33 and 363.
33
What is the greatest common factor of 28 and 129836?
28
What is the highest common divisor of 348 and 203?
29
What is the greatest common divisor of 187 and 286?
11
What is the highest common factor of 1131 and 78?
39
Calculate the highest common divisor of 32 and 5872.
16
What is the highest common factor of 66 and 1023?
33
Calculate the greatest common divisor of 1763 and 86.
43
Calculate the highest common factor of 180 and 198.
18
Calculate the highest common factor of 259 and 1184.
37
What is the greatest common divisor of 15978 and 6?
6
What is the highest common factor of 24 and 11724?
12
What is the highest common factor of 65 and 31915?
65
Calculate the highest common factor of 21 and 77.
7
What is the highest common divisor of 37 and 5328?
37
What is the greatest common factor of 8 and 6?
2
Calculate the greatest common divisor of 24 and 616.
8
What is the highest common divisor of 32 and 11168?
32
Calculate the greatest common divisor of 5746 and 13.
13
What is the highest common factor of 248 and 62?
62
What is the greatest common divisor of 1124 and 12?
4
What is the highest common divisor of 1362 and 1589?
227
Calculate the greatest common factor of 155 and 3906.
31
What is the highest common factor of 192 and 168?
24
What is the greatest common factor of 17 and 391?
17
What is the highest common factor of 240 and 36?
12
What is the highest common factor of 27 and 1269?
27
Calculate the highest common divisor of 48 and 1128.
24
Calculate the highest common divisor of 573 and 25021.
191
Calculate the greatest common factor of 16648 and 8.
8
What is the highest common factor of 1023 and 186?
93
What is the highest common divisor of 49 and 784?
49
What is the greatest common factor of 108 and 1?
1
What is the highest common factor of 1104 and 768?
48
What is the greatest common factor of 80 and 112?
16
Calculate the greatest common factor of 52 and 26.
26
What is the highest common factor of 3304 and 1062?
118
Calculate the greatest common divisor of 105 and 255.
15
What is the greatest common factor of 12 and 66828?
12
What is the greatest common factor of 187 and 544?
17
Calculate the highest common divisor of 51 and 408.
51
Calculate the highest common divisor of 4431 and 42.
21
What is the highest common divisor of 18810 and 3344?
418
What is the highest common factor of 6160 and 352?
176
Calculate the highest common divisor of 182 and 252.
14
Calculate the greatest common divisor of 1088 and 192.
64
What is the greatest common divisor of 260 and 52?
52
What is the highest common divisor of 14231 and 107?
107
What is the greatest common divisor of 55 and 748?
11
Calculate the greatest common factor of 9 and 2.
1
What is the highest common divisor of 10 and 640?
10
What is the highest common factor of 6252 and 108?
12
What is the greatest common factor of 4 and 818?
2
What is the highest common divisor of 31 and 1364?
31
What is the highest common divisor of 370 and 400?
10
What is the highest common factor of 43715 and 35?
35
What is the highest common divisor of 255 and 15?
15
What is the greatest common factor of 169 and 26?
13
Calculate the highest common factor of 1235 and 76.
19
What is the greatest common factor of 86 and 152?
2
Calculate the greatest common factor of 1023 and 465.
93
What is the greatest common factor of 165 and 363?
33
What is the highest common factor of 216 and 1032?
24
Calculate the highest common divisor of 250 and 18.
2
What is the greatest common factor of 40 and 1000?
40
What is the greatest common factor of 1220 and 140?
20
Calculate the highest common divisor of 21372 and 36.
12
Calculate the highest common divisor of 21008 and 208.
208
Calculate the highest common factor of 125 and 100.
25
Calculate the highest common divisor of 18 and 234.
18
What is the greatest common factor of 7040 and 77?
11
Calculate the greatest common factor of 150 and 550.
50
What is the highest common factor of 2080 and 130?
130
What is the greatest common divisor of 836 and 1292?
76
Calculate the highest common divisor of 760 and 120.
40
What is the greatest common factor of 28 and 700?
28
What is the highest common divisor of 171 and 209?
19
What is the greatest common factor of 112 and 266?
14
What is the greatest common divisor of 819 and 91?
91
Calculate the highest common divisor of 114 and 380.
38
Calculate the highest common factor of 380 and 29830.
190
What is the highest common factor of 1568 and 32?
32
Calculate the greatest common factor of 16 and 12584.
8
Calculate the highest common factor of 124 and 217.
31
Calculate the highest common factor of 33 and 9.
3
What is the highest common factor of 41 and 15539?
41
What is the highest common factor of 1640 and 41?
41
Calculate the highest common factor of 741 and 26.
13
What is the greatest common divisor of 18612 and 88?
44
What is the highest common divisor of 308 and 44?
44
What is the highest common divisor of 70 and 1330?
70
What is the highest common divisor of 1102 and 76?
38
Calculate the highest common divisor of 7695 and 189.
27
What is the greatest common factor of 462 and 8162?
154
Calculate the greatest common divisor of 34 and 918.
34
What is the greatest common divisor of 51 and 2856?
51
Calculate the highest common divisor of 96 and 6.
6
Calculate the greatest common factor of 270 and 162.
54
What is the highest common divisor of 3766 and 14?
14
What is the greatest common factor of 16 and 4?
4
Calculate the highest common divisor of 725 and 975.
25
What is the greatest common factor of 8786 and 46?
46
Calculate the highest common factor of 4784 and 156.
52
Calculate the highest common divisor of 53 and 2809.
53
What is the highest common factor of 58 and 377?
29
Calculate the highest common divisor of 84 and 60.
12
Calculate the greatest common divisor of 1788 and 31737.
447
What is the highest common factor of 12 and 34?
2
Calculate the greatest common factor of 6 and 21.
3
What is the greatest common factor of 7 and 218?
1
What is the highest common divisor of 341 and 11?
11
Calculate the highest common divisor of 1080 and 162.
54
Calculate the greatest common factor of 340 and 1870.
170
Calculate the greatest common divisor of 84 and 1036.
28
What is the greatest common factor of 3886 and 1102?
58
Calculate the highest common divisor of 250 and 2125.
125
What is the highest common factor of 247 and 57?
19
Calculate the highest common divisor of 36 and 372.
12
What is the greatest common factor of 2229 and 3?
3
Calculate the greatest common factor of 4578 and 14.
14
What is the greatest common divisor of 6 and 2094?
6
Calculate the highest common divisor of 9018 and 36.
18
What is the highest common divisor of 50 and 1165?
5
Calculate the greatest common factor of 40 and 2230.
10
Calculate the highest common factor of 250 and 1600.
50
What is the greatest common factor of 21 and 2877?
21
Calculate the greatest common divisor of 204 and 67014.
102
Calculate the highest common divisor of 539 and 21.
7
What is the highest common factor of 2183 and 59?
59
What is the greatest common factor of 26 and 650?
26
Calculate the greatest common factor of 11 and 1177.
11
Calculate the greatest common factor of 517 and 11.
11
Calculate the highest common factor of 832 and 64.
64
Calculate the highest common factor of 1776 and 144.
48
What is the greatest common divisor of 332 and 12?
4
What is the highest common divisor of 191482 and 38?
38
What is the greatest common divisor of 1653 and 95?
19
Calculate the highest common divisor of 884 and 182.
26
What is the highest common divisor of 141 and 4418?
47
What is the greatest common factor of 5709 and 1211?
173
What is the greatest common divisor of 204 and 6?
6
What is the highest common divisor of 5 and 41?
1
Calculate the greatest common factor of 33282 and 18.
18
Calculate the highest common divisor of 27 and 15.
3
Calculate the highest common factor of 9381 and 159.
159
What is the highest common factor of 100 and 60?
20
What is the greatest common divisor of 589 and 62?
31
Calculate the highest common divisor of 708 and 8.
4
Cal